7 a composite number?
True
Is 17521 composite?
True
Is 33739 composite?
False
Is 685 composite?
True
Is 13891 composite?
True
Is 1577267 a composite number?
False
Is 17273 prime?
False
Is 37811 a composite number?
False
Is 70129 a composite number?
True
Is 106853 prime?
True
Is 219 a prime number?
False
Is 370399 composite?
False
Is 34157 prime?
True
Is 12251 composite?
False
Is 7123 composite?
True
Is 183382 a prime number?
False
Is 16843 a prime number?
True
Is 40646 a prime number?
False
Is 896263 composite?
False
Is 1931 prime?
True
Is 36653 a prime number?
True
Is 595129 a composite number?
False
Is 9305 a prime number?
False
Is 41257 a prime number?
True
Is 9169 prime?
False
Is 7403 a composite number?
True
Is 1174 prime?
False
Is 24071 composite?
False
Is 323827 a prime number?
False
Is 580793 composite?
False
Is 713237 composite?
True
Is 43151 a composite number?
False
Is 719623 composite?
True
Is 203417 a composite number?
False
Is 1006591 prime?
False
Is 71311 a prime number?
False
Is 140363 a composite number?
False
Is 55 composite?
True
Is 2933 a prime number?
False
Is 117237 a composite number?
True
Is 61034 a prime number?
False
Is 2182 a prime number?
False
Is 301783 composite?
True
Is 677107 a prime number?
True
Is 1982069 a composite number?
False
Is 3456589 prime?
False
Is 452609 prime?
False
Is 175753 composite?
False
Is 235349 a prime number?
True
Is 60153 composite?
True
Is 65867 prime?
True
Is 22262 a composite number?
True
Is 812431 a composite number?
False
Is 9271 prime?
False
Is 5062 prime?
False
Is 32401 prime?
True
Is 59 composite?
False
Is 4837 a prime number?
False
Is 110615 composite?
True
Is 139157 a prime number?
False
Is 10909 a prime number?
True
Is 19417 composite?
False
Is 345955 prime?
False
Is 3593 a prime number?
True
Is 24027 a prime number?
False
Is 26443 a composite number?
True
Is 11513 a composite number?
True
Is 178645 composite?
True
Is 26479 a composite number?
False
Is 799555 a composite number?
True
Is 2064455 a composite number?
True
Is 38903 a composite number?
False
Is 71567 composite?
True
Is 8353 prime?
True
Is 11819 a prime number?
False
Is 4861 prime?
True
Is 241027 prime?
True
Is 103287 prime?
False
Is 10997 composite?
True
Is 662917 prime?
True
Is 89663 prime?
False
Is 513509 a composite number?
False
Is 293767 a composite number?
False
Is 33227 composite?
True
Is 40787 a prime number?
True
Is 2051 a prime number?
False
Is 390041 prime?
False
Is 134231 prime?
False
Is 39667 a composite number?
False
Is 408607 a prime number?
True
Is 13043 composite?
False
Is 9383 a composite number?
True
Is 3698999 a prime number?
True
Is 14503 a composite number?
False
Is 3203 a prime number?
True
Is 50357 prime?
False
Is 7001245 composite?
True
Is 14493 composite?
True
Is 4417 composite?
True
Is 883993 composite?
True
Is 103067 a composite number?
False
Is 291 a prime number?
False
Is 685987 a composite number?
False
Is 27397 a prime number?
True
Is 346537 a composite number?
True
Is 37717 a prime number?
True
Is 37847 a prime number?
True
Is 38953 prime?
True
Is 1301957 a prime number?
True
Is 4421 prime?
True
Is 5294 a composite number?
True
Is 8939 composite?
True
Is 40163 composite?
False
Is 199141 composite?
True
Is 78083 a prime number?
False
Is 57899 composite?
False
Is 5141 prime?
False
Is 69883 prime?
False
Is 74127 a composite number?
True
Is 6589 a composite number?
True
Is 33407 prime?
False
Is 60506 composite?
True
Is 313165 prime?
False
Is 10063 a prime number?
False
Is 270415 prime?
False
Is 317014 a prime number?
False
Is 12641 prime?
True
Is 670121 composite?
True
Is 353095 a prime number?
False
Is 1973086 a composite number?
True
Is 222429 composite?
True
Is 30017 a composite number?
True
Is 18789 a prime number?
False
Is 70429 a prime number?
True
Is 389783 a prime number?
True
Is 31379 a prime number?
True
Is 36691 composite?
False
Is 2032153 a prime number?
True
Is 87797 a prime number?
True
Is 31061 composite?
True
Is 3481 a composite number?
True
Is 388243 prime?
False
Is 7121 a composite number?
False
Is 45053 prime?
True
Is 90787 composite?
False
Is 307451 composite?
False
Is 42433 a prime number?
True
Is 1616611 composite?
False
Is 91997 prime?
True
Is 2111 a composite number?
False
Is 491233 prime?
False
Is 17859 a prime number?
False
Is 5854 composite?
True
Is 892877 composite?
False
Is 5669 a prime number?
True
Is 210347 a composite number?
False
Is 19535 a composite number?
True
Is 415685 a composite number?
True
Is 57745 composite?
True
Is 117899 a composite number?
False
Is 333911 composite?
False
Is 220713 a composite number?
True
Is 157223 a prime number?
False
Is 110863 prime?
True
Is 26599 prime?
False
Is 201233 a prime number?
True
Is 7737 a composite number?
True
Is 683 a composite number?
False
Is 224057 prime?
True
Is 273647 a prime number?
False
Is 15187 composite?
False
Is 9079 a prime number?
False
Is 37186 a prime number?
False
Is 3013 a composite number?
True
Is 65827 a prime number?
True
Is 419 a prime number?
True
Is 1893 prime?
False
Is 159785 prime?
False
Is 3613 prime?
True
Is 193283 composite?
False
Is 793487 prime?
True
Is 307 prime?
True
Is 8779 a prime number?
True
Is 6803 composite?
False
Is 6073 a prime number?
True
Is 299381 composite?
True
Is 31805 a composite number?
True
Is 7949 a prime number?
True
Is 19937 composite?
False
Is 1657 a prime number?
True
Is 493997 a prime number?
False
Is 13901 prime?
True
Is 16871 composite?
False
Is 77057 prime?
False
Is 10577 composite?
True
Is 94803 prime?
False
Is 32411 a composite number?
False
Is 314077 a prime number?
True
Is 97751 a prime number?
False
Is 3491 a composite number?
False
Is 2333 prime?
True
Is 195809 a composite number?
False
Is 107981 prime?
True
Is 8571 a composite number?
True
Is 231199 a prime number?
False
Is 28741 composite?
True
Is 1671 a composite number?
True
Is 4440797 prime?
True
Is 6779 composite?
False
Is 293 a composite number?
False
Is 524751 a composite number?
True
Is 2939 composite?
False
Is 1253 composite?
True
Is 19567 a composite number?
True
Is 106207 a prime number?
True
Is 33869 prime?
False
Is 1117 a prime number?
True
Is 4327 a prime number?
True
Is 177181 a prime number?
False
Is 85915 a prime number?
False
Is 2051 composite?
True
Is 1624271 a composite number?
True
Is 175141 composite?
False
Is 74063 a composite number?
True
Is 115953 a prime number?
False
Is 9533 a composite number?
False
Is 34433 a composite number?
True
Is 462719 a composite number?
False
Is 123953 a composite number?
False
Is 67993 composite?
False
Is 130171 composite?
False
Is 8254 prime?
False
Is 216481 prime?
True
Is 6587 composite?
True
Is 273967 a composite number?
False
Is 3847 a composite number?
False
Is 5381 prime?
True
Is 376063 composite?
False
Is 353329 composite?
False
Is 304709 a prime number?
True
Is 189547 a composite number?
False
Is 20231 composite?
False
Is 33659 composite?
True
Is 24493 prime?
False
Is 2087071 prime?
False
Is 127577 a prime number?
False
Is 4499 a prime number?
False
Is 218311 composite?
True
Is 20399 prime?
True
Is 20647 composite?
True
Is 19771 a composite number?
True
Is 131411 a composite number?
True
Is 4105 a prime number?
False
Is 7543 a composite number?
True
Is 41341 a prime number?
True
Is 30617 a composite number?
True
Is 3147 prime?
False
Is 14051 a composite number?
False
Is 25537 a prime number?
True
Is 3719 a prime number?
True
Is 724457 a prime number?
False
Is 220105 a prime number?
False
Is 236663 a composite number?
True
Is 15241 composite?
False
Is 2993 a composite number?
True
Is 194861 a prime number?
True
Is 334247 prime?
True
Is 2884881 a prime number?
False
Is 48091 a composite number?
False
Is 97841 composite?
False
Is 137993 prime?
True
Is 4471 a composite number?
True
Is 39361 a composite number?
True
Is 60331 composite?
False
Is 608941 a prime number?
True
Is 1029659 prime?
False
Is 43597 a prime number?
True
Is 9667 composite?
True
Is 53551 prime?
True
Is 5587 composite?
True
Is 569017 a composite number?
True
Is 794327 prime?
True
Is 46897 a composite number?
True
Is 1793 prime?
False
Is 155251 composite?
False
Is 57221 a composite number?
False
Is 45817 a prime number?
True
Is 60253 a prime number?
False
Is 162209 